) = 508*c**2 + 3473*c + 10. What is l(-7)?
591
Let c(a) = 554561*a - 2772811. Calculate c(5).
-6
Let y(a) = 2789*a - 1221581. Determine y(438).
1
Let f(n) = 860931*n + 3443722. Determine f(-4).
-2
Let r(g) = 783*g + 9843. Determine r(-12).
447
Let u(b) = b**3 - 69*b**2 + 506*b + 2046. What is u(60)?
6
Let m(z) = -2*z**2 + 86*z + 5530. Give m(-38).
-626
Let n(o) = 84*o - 539. Calculate n(19).
1057
Let h(s) = -s**3 - 127*s**2 - 3497*s - 1331. Determine h(-87).
148
Let x(v) = 25119*v - 252. Calculate x(0).
-252
Let u(f) = f**2 + 124*f + 4543. Calculate u(-77).
924
Let n(q) = 23818*q + 476361. What is n(-20)?
1
Let f(p) = 371*p**2 + 18181*p + 101. Determine f(-49).
3
Let t(w) = 10*w**2 - 127*w - 16. Calculate t(13).
23
Let o(p) = -1086*p - 17352. Calculate o(-16).
24
Let y(b) = -2*b**2 + 289*b - 1861. Determine y(138).
-67
Let l(p) = -6*p**3 + 1010*p**2 - 254*p - 13778. What is l(168)?
-2
Let x(i) = -61*i**3 + 3*i**2 - 149*i + 300. Give x(2).
-474
Let m(f) = -1753*f + 119021. Give m(68).
-183
Let n(z) = -123*z**3 + 44*z**2 - 23*z - 19. What is n(1)?
-121
Let d(m) = 2*m**3 - 11*m**2 - 40*m. Give d(-10).
-2700
Let l(d) = -5478*d - 147657. What is l(-27)?
249
Let m(v) = 2*v**3 + 531*v**2 - 41*v + 59848. Determine m(-266).
-2
Let h(x) = 39490*x + 710799. Give h(-18).
-21
Let i(k) = 2*k**2 + 1823*k - 124840. What is i(64)?
24
Let b(u) = 54518*u - 109244. Determine b(2).
-208
Let v(g) = 579*g - 578. Calculate v(2).
580
Let d(c) = c**3 - 663*c**2 + 26636*c - 33. Determine d(43).
-1065
Let h(x) = -2*x**3 + 106*x**2 + 83*x - 4386. Give h(53).
13
Let y(j) = -17*j**3 - 274*j**2 + 32461*j + 519895. Give y(-16).
7
Let k(o) = 173*o - 281. Calculate k(15).
2314
Let a(k) = -166*k - 396. Determine a(-8).
932
Let d(c) = -c**3 - 195*c**2 - 3336*c + 907. Calculate d(-176).
-501
Let l(f) = -2*f**2 - 9154*f - 1549146. Calculate l(-176).
6
Let i(w) = -2*w**3 + 249*w**2 + 1695*w - 95. Give i(131).
-1143
Let x(m) = 13*m**3 - 3*m**2 - 60*m - 899. Determine x(0).
-899
Let s(p) = 613*p + 9656. Give s(-16).
-152
Let t(g) = 4008*g - 60993. What is t(15)?
-873
Let a(c) = 8085*c - 6926. Give a(1).
1159
Let x(h) = -12*h**2 + 1130*h - 2322. Determine x(92).
70
Let p(y) = 3943*y + 524416. Calculate p(-133).
-3
Let z(y) = -208*y**2 - 30570*y + 1232. What is z(-147)?
350
Let u(r) = -308*r + 9860. Determine u(39).
-2152
Let c(t) = 2*t**3 + 1370*t**2 + 20107*t + 4650. What is c(-670)?
-40
Let p(g) = -4*g**2 + 401*g - 2643. Determine p(7).
-32
Let p(s) = 6315*s + 10188. Determine p(-2).
-2442
Let z(n) = -225*n**2 - 33*n - 35. Give z(-1).
-227
Let k(l) = 2*l**3 - 1260*l**2 + 2800*l - 180863. Give k(628).
1
Let d(k) = k**3 - 240*k**2 - 663*k - 16035. Give d(243).
3
Let t(o) = -3*o**3 - 913*o**2 + 3693*o + 25. Calculate t(4).
-3
Let z(w) = 2*w**3 + w**2 - 551*w - 1604. Calculate z(-3).
4
Let t(u) = u**3 - 218*u**2 + 15764*u - 3436557. What is t(218)?
-5
Let c(s) = -3*s**2 - 169*s + 453. Give c(-61).
-401
Let y(x) = -2*x**3 + 38*x**2 - 30*x - 465. Calculate y(16).
591
Let i(g) = g**2 - 146*g + 567. What is i(98)?
-4137
Let r(h) = -181*h**2 + 2*h - 1113. Give r(0).
-1113
Let c(f) = -3*f**2 - 982*f - 4878. Calculate c(-5).
-43
Let b(x) = 2*x**2 - 30328*x - 303483. Give b(-10).
-3
Let l(x) = -1928*x + 73242. Determine l(38).
-22
Let q(l) = 7*l - 249. Give q(10).
-179
Let x(t) = t**3 - 119*t**2 - 141*t - 442. What is x(120)?
-2962
Let t(u) = -3397*u - 61082. What is t(-18)?
64
Let p(a) = 2*a**3 + 16*a**2 + 9*a - 142. Determine p(-6).
-52
Let o(w) = 97*w**2 - 3105*w + 98. Give o(32).
66
Let q(p) = 3*p**3 - 1265*p**2 - 6787*p - 19218. Calculate q(427).
-3
Let d(h) = -h**2 - 1116*h - 77083. Give d(-74).
25
Let t(u) = u**2 - 859*u - 449994. Calculate t(-367).
-52
Let k(g) = 5*g**3 - 330*g**2 + 216*g - 14234. Give k(66).
22
Let s(i) = -10988*i - 2944768. Calculate s(-268).
16
Let m(i) = 3501*i - 1098. Determine m(1).
2403
Let q(k) = -1018*k - 128261. Calculate q(-126).
7
Let s(c) = -142*c**2 + 292*c - 10. Determine s(2).
6
Let u(w) = w**3 + 101*w**2 + 3051*w + 25968. Determine u(-35).
33
Let q(i) = -i**2 - 301*i - 3922. What is q(-14)?
96
Let r(f) = -9575*f + 478709. Give r(50).
-41
Let o(h) = 3*h**3 - 71*h**2 + 13*h - 22. Determine o(24).
866
Let k(t) = -2*t**3 + 205*t**2 - 2905*t + 32. What is k(17)?
66
Let o(l) = -6*l**2 + 50720*l + 50720. Give o(-1).
-6
Let r(s) = 2*s**3 + 14*s**2 + 5*s + 9. Give r(5).
634
Let k(m) = 2*m**3 + 220*m**2 + 3870*m - 259. Determine k(-88).
-83
Let m(v) = -v**2 - 118*v + 9539. Calculate m(55).
24
Let u(r) = r**3 + 10*r**2 + 917*r + 3573. Give u(-4).
1
Let d(m) = m**2 - 25475*m - 5393855. Calculate d(-210).
-5
Let f(q) = -431*q**2 - 2503*q + 501. Calculate f(-6).
3
Let m(w) = -982*w - 202. Give m(0).
-202
Let r(t) = -7*t**2 + 572*t + 25466. What is r(-32)?
-6
Let b(r) = 866*r + 50258. Determine b(-54).
3494
Let c(g) = g**3 + 29*g**2 + 136*g - 44. Give c(-6).
-32
Let w(u) = 149144*u - 596573. Determine w(4).
3
Let d(y) = 4*y**2 - 18947*y + 5406737. Give d(305).
2
Let p(n) = -3*n**3 - 22*n**2 + 35*n - 34. What is p(-9)?
56
Let i(w) = 13*w**2 + 3446*w - 10194. What is i(-268)?
-10
Let m(g) = 1011*g + 72154. Determine m(-71).
373
Let y(a) = a**2 + 1298*a + 135919. Calculate y(-115).
-126
Let o(y) = 4*y**2 - 185*y - 8693. Calculate o(-29).
36
Let y(k) = 3*k**2 - 941*k - 7022. Determine y(321).
40
Let j(l) = 3*l**2 - 744*l - 7691. What is j(258)?
49
Let d(f) = -656*f + 89666. Determine d(135).
1106
Let c(w) = -2*w**3 - 23*w**2 + 64*w + 439. Give c(-12).
-185
Let s(l) = 2*l**3 - 237*l**2 - 388*l + 4105. What is s(120)?
745
Let p(y) = -y**3 - 169*y**2 - 163*y + 204. Determine p(-168).
-636
Let x(q) = -38*q**2 - 34053*q - 202987. What is x(-6)?
-37
Let p(j) = -2*j**3 + 124*j**2 - 1184*j + 2075. What is p(9)?
5
Let h(y) = 18*y**2 - 185*y - 5436. Determine h(-13).
11
Let l(f) = 320*f + 6822. What is l(-22)?
-218
Let d(r) = r**2 - 214*r - 43349. Calculate d(-127).
-42
Let u(q) = -37*q**3 + 15392*q**2 - 4*q + 1670. Determine u(416).
6
Let i(b) = 2*b**3 - 24*b**2 - 40*b + 796. Give i(10).
-4
Let i(t) = -2*t**2 - 241*t + 5845. Calculate i(21).
-98
Let c(l) = 3*l**2 - 87*l - 285. Give c(31).
-99
Let m(u) = u**3 - 196*u**2 + 9487*u - 342. Calculate m(87).
6
Let x(v) = -600*v + 895. Give x(1).
295
Let c(j) = 198820*j + 10935100. What is c(-55)?
0
Let z(k) = -3038*k + 3051. Determine z(1).
13
Let j(d) = 3059*d + 27497. Calculate j(-9).
-34
Let s(c) = 22392*c + 134583. Give s(-6).
231
Let y(x) = 4*x**3 - 157*x**2 - 725*x + 11041. Give y(42).
-5
Let o(c) = 17*c**2 + 494*c - 475. Give o(1).
36
Let v(s) = s**3 + 81*s**2 + 14*s + 89. What is v(-9)?
5795
Let o(d) = 3214*d - 28866. Calculate o(9).
60
Let s(k) = k**3 + 503*k**2 - 491*k + 6319. Give s(-504).
-233
Let c(p) = 4*p**3 + 366*p**2 + 541*p + 109. What is c(-90)?
19
Let x(w) = 2000*w - 16261. Give x(8).
-261
Let p(l) = -2*l**2 - 558*l - 31395. What is p(-201)?
-39
Let i(m) = m**3 - 46*m**2 - 1608*m + 9063. What is i(5)?
-2
Let x(y) = y**3 - 286*y**2 - 978*y + 517048. Determine x(283).
7
Let g(m) = 18806*m - 564179. What is g(30)?
1
Let q(b) = -b**3 - 88*b**2 - 141*b + 1320. Give q(-86).
-1346
Let d(g) = -89*g**3 + 3*g**2 + 512*g - 513. Determine d(1).
-87
Let f(h) = -h**3 - 29*h**2 - 12700*h - 187374. Calculate f(-15).
-24
Let y(a) = a**3 + 119*a**2 - 93*a - 24854. Give y(-118).
44
Let d(c) = -c**3 - 135*c**2 + 113*c - 3130. Determine d(-136).
-2
Let l(b) = b**3 + 19*b**2 - 91*b - 660. Determine l(-21).
369
Let n(y) = -344*y - 7909. Determine n(-22).
-341
Let i(u) = -702*u**2 + 2660*u + 63. Determine i(4).
-529
Let k(q) = -53*q - 650. Calculate k(0).
-650
Let t(z) = -z**3 + 7*z**2 + 168*z - 1115. Determine t(7).
61
Let t(m) = -20*m**3 - 639*m**2 + 32*m + 143. Determine t(-32).
143
Let j(m) = -15*m**3 - 1393*m**2 + 182*m - 377. What is j(-93)?
-5
Let a(d) = d**3 + 53*d**2 + 1922*d + 18263. Calculate a(-13).
37
Let b(i) = -107*i**2 + 1701*i - 195. Determine b(17).
-2201
Let j(d) = -93*d - 7361. What is j(-79)?
-14
Let t(c) = -c**2 + 275*c - 7512. Calculate t(29).
-378
Let r(q) = -13586*q + 298945. Give r(22).
53
Let n(b) = -19*b**2 - 423*b + 2. What is n(-22)?
112
Let h(r) = 11*r**2 + 1448*r + 46239. Determine h(-55).
-126
Let l(v) = -v**3 + 3*v**2 + 668*v - 5406. Calculate l(8).
-382
Let j(i) = -178*i**3 + 7*i**2 + 66*i + 61. What is